14130 and 110?
110
What is the highest common divisor of 53524413 and 2169?
2169
What is the greatest common factor of 1132122 and 12?
6
Calculate the greatest common divisor of 133 and 800387.
7
Calculate the highest common factor of 3721889 and 31.
1
Calculate the highest common divisor of 54345312 and 672.
672
Calculate the greatest common divisor of 352 and 240944.
176
Calculate the highest common factor of 12 and 10231206.
6
Calculate the highest common divisor of 6308 and 204060.
76
What is the greatest common factor of 3719213 and 1712?
107
Calculate the highest common factor of 164808830 and 590.
590
Calculate the highest common divisor of 201067 and 53533.
67
What is the greatest common factor of 44641262 and 254?
254
What is the greatest common divisor of 29308032 and 59072?
832
Calculate the greatest common divisor of 248127 and 3980229.
3399
Calculate the highest common factor of 122151764 and 8300.
332
Calculate the greatest common divisor of 59256 and 105816.
24
Calculate the highest common divisor of 165 and 324378780.
165
What is the greatest common factor of 148070 and 35870?
170
Calculate the greatest common factor of 1311 and 9462513.
57
What is the highest common divisor of 253 and 4713620?
23
Calculate the highest common divisor of 39366 and 9378.
18
What is the highest common divisor of 541161802 and 46?
46
What is the greatest common factor of 314 and 41466?
2
What is the highest common factor of 16182 and 1753398?
522
What is the greatest common factor of 987 and 712068?
21
What is the highest common factor of 269954 and 227614?
146
What is the highest common factor of 468901510 and 2980?
1490
What is the highest common factor of 2343 and 11698599?
2343
Calculate the greatest common factor of 5467145 and 205.
205
What is the highest common divisor of 72 and 1812211848?
72
Calculate the greatest common divisor of 338628720 and 6432.
3216
Calculate the greatest common divisor of 3416 and 8830604.
244
Calculate the greatest common divisor of 282131 and 173398.
479
Calculate the greatest common factor of 33 and 45755556.
33
Calculate the highest common factor of 312 and 35717903.
13
What is the highest common divisor of 1089491 and 191737?
559
What is the greatest common divisor of 125354 and 512134?
466
Calculate the greatest common divisor of 1291 and 11044.
1
What is the greatest common factor of 141810 and 66015?
2445
Calculate the greatest common factor of 21983 and 233909.
247
Calculate the greatest common divisor of 407163978 and 3746.
3746
What is the greatest common divisor of 43952 and 1107376?
1072
What is the highest common divisor of 39078 and 56628?
234
What is the highest common divisor of 396 and 4852518?
66
Calculate the highest common factor of 20374 and 184034.
334
Calculate the highest common divisor of 20222568 and 76304.
2008
What is the highest common factor of 125127 and 720?
9
Calculate the greatest common divisor of 2588064 and 3072.
96
Calculate the highest common divisor of 720484 and 235888.
2564
What is the highest common divisor of 112 and 887664?
16
What is the highest common divisor of 627246 and 774?
18
What is the greatest common factor of 3656 and 45215123?
457
Calculate the greatest common divisor of 196 and 709200128.
196
Calculate the highest common factor of 47934 and 126.
18
What is the highest common factor of 7497 and 3271293?
153
Calculate the highest common divisor of 54900 and 36900.
900
Calculate the highest common factor of 483762 and 15.
3
Calculate the highest common divisor of 15156 and 17479078.
842
Calculate the highest common divisor of 2016 and 767781.
63
What is the highest common factor of 455304 and 5064?
24
Calculate the highest common factor of 1381641460 and 122.
122
Calculate the greatest common factor of 3188 and 8138167.
797
What is the highest common divisor of 23526524 and 4144?
1036
What is the highest common divisor of 2415 and 207966?
69
Calculate the highest common divisor of 37 and 302266.
1
Calculate the highest common divisor of 112 and 595708.
4
What is the highest common factor of 118 and 36811811?
59
Calculate the greatest common factor of 1818 and 17882151.
303
Calculate the greatest common factor of 1767042 and 1806.
258
Calculate the highest common divisor of 2473664 and 544.
32
Calculate the highest common divisor of 4639539 and 170112.
1329
What is the highest common factor of 628879768 and 424?
424
What is the greatest common divisor of 41698785 and 135?
15
Calculate the greatest common divisor of 77811 and 84841.
37
What is the highest common factor of 975513 and 663011?
4223
What is the greatest common factor of 1276 and 139733?
11
Calculate the greatest common divisor of 624 and 4774464.
48
What is the highest common factor of 170 and 994170?
10
Calculate the highest common divisor of 7646256 and 576.
144
What is the highest common divisor of 25466 and 24038406?
1498
Calculate the highest common divisor of 10124870 and 784.
98
Calculate the greatest common divisor of 9204 and 5110638.
78
Calculate the greatest common factor of 612 and 12094072.
68
Calculate the greatest common factor of 3826 and 122979118.
3826
What is the greatest common divisor of 3707072 and 2624?
64
What is the highest common factor of 373733639 and 1097?
1097
What is the greatest common divisor of 186290 and 741?
13
What is the greatest common divisor of 1492079 and 87?
29
What is the highest common divisor of 481867771 and 137?
137
Calculate the greatest common factor of 141 and 19617189.
141
What is the highest common factor of 19 and 1378112503?
19
What is the greatest common factor of 14139 and 7424546?
1571
Calculate the highest common divisor of 761728 and 9738.
1082
Calculate the highest common divisor of 718234 and 781.
11
Calculate the greatest common divisor of 23 and 55729.
23
What is the highest common factor of 6364477 and 1106?
553
What is the greatest common factor of 72320516 and 292?
292
What is the highest common factor of 43930 and 14260?
230
Calculate the highest common factor of 3985530 and 2445.
15
What is the highest common divisor of 22127 and 1015?
203
What is the highest common divisor of 6909166 and 2222?
22
Calculate the highest common factor of 6628 and 250071126.
3314
Calculate the greatest common factor of 6625458 and 378.
126
Calculate the highest common divisor of 11 and 39447749.
11
Calculate the greatest common divisor of 2723674 and 253498.
1906
Calculate the highest common factor of 196775 and 55.
5
Calculate the highest common divisor of 265174 and 296166.
26
What is the greatest common divisor of 72794662 and 38?
38
Calculate the greatest common divisor of 6253 and 1015183.
169
Calculate the greatest common divisor of 43687752 and 46056.
2424
Calculate the highest common divisor of 3389511 and 1377.
51
What is the highest common factor of 3189 and 11291186?
1063
What is the greatest common divisor of 132000 and 83100?
300
What is the greatest common factor of 55305 and 230710338?
11061
Calculate the greatest common divisor of 133920000 and 7680.
3840
What is the greatest common divisor of 3180 and 57107500?
1060
Calculate the greatest common divisor of 94887670 and 344.
86
Calculate the greatest common divisor of 3151 and 359444023.
3151
Calculate the greatest common divisor of 16352 and 20704.
32
What is the highest common divisor of 6484130 and 760?
190
Calculate the highest common factor of 774 and 340646.
86
Calculate the highest common factor of 245000 and 2707000.
1000
Calculate the highest common factor of 76880 and 296112.
496
What is the highest common divisor of 473 and 116037091?
43
What is the highest common factor of 63835472 and 64?
16
What is the greatest common divisor of 151 and 595079071?
151
Calculate the highest common factor of 198 and 37802628.
18
Calculate the greatest common factor of 384 and 197279616.
384
Calculate the greatest common divisor of 1644461 and 1183.
91
Calculate the greatest common divisor of 7682892 and 28.
28
What is the highest common divisor of 5643 and 86459538?
627
What is the greatest common divisor of 397402713 and 27?
27
Calculate the highest common factor of 1753908 and 156.
156
Calculate the greatest common divisor of 449 and 53744851.
449
What is the greatest common factor o